te the greatest common factor of 1314616 and 404707.
101
Calculate the greatest common factor of 326366 and 47038.
58
Calculate the highest common factor of 403540755 and 41445.
4605
What is the greatest common factor of 868975 and 250?
25
Calculate the greatest common factor of 34837 and 2651.
11
Calculate the highest common divisor of 276 and 16836.
276
Calculate the greatest common divisor of 14 and 14300078.
2
Calculate the greatest common factor of 63104 and 379728.
16
Calculate the highest common divisor of 13 and 40206088.
13
Calculate the highest common divisor of 4884322 and 146974.
3418
What is the highest common factor of 10870211 and 2117?
73
Calculate the greatest common factor of 304 and 3348902.
38
Calculate the highest common factor of 9114323 and 12470.
1247
What is the greatest common divisor of 75 and 25086930?
15
Calculate the greatest common factor of 1390 and 153919.
1
Calculate the greatest common factor of 8466 and 264594.
6
Calculate the greatest common factor of 28170019 and 227.
227
Calculate the greatest common divisor of 2015866 and 86.
2
What is the highest common divisor of 246067 and 2472?
103
Calculate the highest common factor of 712173 and 6699.
231
What is the greatest common divisor of 2112 and 28534?
22
What is the greatest common divisor of 36170 and 1390?
10
Calculate the highest common divisor of 891138 and 6612.
114
Calculate the greatest common factor of 92759 and 18999463.
4033
Calculate the highest common factor of 953776 and 1168.
16
What is the highest common factor of 3134480 and 160?
80
Calculate the highest common divisor of 13599185 and 9175.
1835
Calculate the greatest common factor of 146259 and 57192686.
5417
Calculate the highest common divisor of 291940 and 504460.
220
Calculate the greatest common factor of 11408 and 41820302.
1426
Calculate the highest common factor of 3700 and 1363100.
100
Calculate the greatest common divisor of 256204031 and 79.
79
Calculate the greatest common factor of 28309673 and 61.
61
What is the highest common divisor of 20 and 1998655?
5
What is the highest common factor of 333995955 and 23775?
4755
What is the greatest common divisor of 94 and 916362196?
94
Calculate the highest common factor of 4011576 and 348.
12
Calculate the greatest common divisor of 23120 and 10690320.
80
What is the greatest common divisor of 281648 and 2407?
29
What is the greatest common divisor of 617093 and 55243476?
5461
Calculate the highest common divisor of 1253 and 8153747.
7
Calculate the highest common factor of 34503630 and 105.
105
What is the highest common factor of 10446 and 1662?
6
What is the highest common divisor of 38 and 54326719?
19
Calculate the highest common factor of 1037663 and 7312329.
3043
Calculate the highest common factor of 46818852 and 36.
12
What is the greatest common divisor of 6053859 and 756?
189
What is the highest common divisor of 10855 and 1308445?
835
Calculate the greatest common divisor of 127143 and 35343.
459
Calculate the highest common factor of 5984 and 15380376.
1496
Calculate the highest common divisor of 588 and 79210656.
588
Calculate the highest common factor of 24768 and 5768640.
576
What is the highest common factor of 270933 and 11778?
39
What is the highest common divisor of 1243 and 829307?
113
Calculate the greatest common factor of 1404 and 7145820.
108
What is the greatest common factor of 5081088 and 21502?
1654
Calculate the highest common divisor of 2930 and 394358662.
586
Calculate the highest common factor of 614856 and 102696.
264
What is the highest common divisor of 10428 and 2638878?
66
Calculate the highest common divisor of 640467 and 135.
27
Calculate the greatest common factor of 2392 and 13341679.
299
What is the highest common divisor of 136470 and 1980?
30
What is the greatest common factor of 11 and 123080639?
11
Calculate the highest common divisor of 2203472 and 3043.
17
What is the highest common divisor of 70005 and 228324?
1077
Calculate the highest common factor of 2184 and 17444574.
42
Calculate the highest common divisor of 868010 and 115830.
1430
Calculate the greatest common factor of 33982637 and 831.
277
Calculate the greatest common divisor of 41601 and 667331.
49
What is the highest common factor of 166203 and 98235?
531
Calculate the greatest common divisor of 16807 and 19649.
49
Calculate the greatest common factor of 96896 and 544283.
757
Calculate the highest common divisor of 221 and 148155.
17
Calculate the highest common factor of 501051300 and 250.
50
What is the greatest common factor of 4609716 and 18?
6
What is the greatest common factor of 745545 and 621?
69
Calculate the highest common divisor of 88134 and 4162611.
111
What is the greatest common divisor of 1932 and 15083929?
161
Calculate the highest common divisor of 365118 and 1906996.
806
What is the greatest common factor of 85173706 and 51?
17
Calculate the greatest common factor of 59830928 and 64.
16
Calculate the highest common factor of 24336 and 19536400.
2704
Calculate the highest common divisor of 7068 and 87401121.
1767
Calculate the greatest common factor of 12212134 and 22.
22
What is the greatest common factor of 8393 and 18403?
77
What is the highest common divisor of 33102040 and 50?
10
What is the highest common factor of 496435 and 227255?
215
What is the greatest common factor of 4648 and 249502316?
2324
Calculate the greatest common factor of 401374 and 554894.
202
What is the highest common divisor of 198554680 and 120?
40
Calculate the highest common factor of 22039871 and 20810.
2081
Calculate the greatest common factor of 14636928 and 1152.
384
What is the greatest common factor of 1808 and 15313082?
226
Calculate the greatest common divisor of 112 and 10409252.
28
Calculate the greatest common factor of 356251212 and 2512.
628
Calculate the greatest common factor of 428730 and 60636.
186
What is the greatest common factor of 126167 and 598849?
1777
Calculate the greatest common divisor of 12551 and 693539.
77
Calculate the greatest common factor of 34768136 and 16.
8
What is the greatest common divisor of 527171 and 197897?
1663
Calculate the greatest common factor of 202625310 and 15.
15
What is the greatest common divisor of 41368 and 1656?
8
What is the highest common factor of 31028480 and 32?
32
Calculate the greatest common factor of 2985516 and 52578.
2286
Calculate the highest common divisor of 26717802 and 45432.
3786
Calculate the highest common divisor of 18 and 24884163.
9
Calculate the greatest common factor of 16384396 and 1428.
476
Calculate the greatest common divisor of 263233 and 631591.
841
What is the greatest common factor of 1120395 and 4627?
661
Calculate the greatest common factor of 46 and 17855314.
46
What is the greatest common factor of 15953 and 5799843?
371
Calculate the highest common factor of 6 and 16395153.
3
What is the greatest common divisor of 11687 and 309517?
377
Calculate the highest common divisor of 978 and 297282.
6
What is the highest common factor of 18643020 and 2200?
220
What is the highest common factor of 187 and 181323581?
17
What is the highest common factor of 1824 and 53212578?
114
What is the greatest common factor of 50240512 and 272?
16
What is the highest common factor of 40807 and 582686?
949
What is the highest common factor of 95110 and 200300?
10
What is the highest common divisor of 126142 and 297182?
2138
What is the greatest common factor of 141708168 and 1344?
168
Calculate the highest common factor of 30 and 86058615.
15
Calculate the highest common divisor of 11972 and 815859.
41
What is the highest common divisor of 6405 and 18008481?
183
Calculate the greatest common factor of 638 and 20763304.
58
Calculate the greatest common factor of 68518750 and 1731.
577
Calculate the greatest common factor of 23020561 and 4820.
241
Calculate the highest common factor of 78912523 and 721.
103
What is the highest common factor of 24602640 and 129?
3
What is the highest common divisor of 3484 and 17198766?
1742
Calculate the highest common divisor of 1035 and 8002505.
115
Calculate the highest common divisor of 383474 and 72111.
559
Calculate the greatest common divisor of 1020 and 872220.
60
What is the highest common divisor of 43971417 a